Calculate the remainder when 93 is divided by 59.
34
What is the remainder when 779 is divided by 223?
110
What is the remainder when 1862 is divided by 16?
6
What is the remainder when 813 is divided by 24?
21
What is the remainder when 164 is divided by 85?
79
What is the remainder when 412 is divided by 13?
9
Calculate the remainder when 52 is divided by 9.
7
Calculate the remainder when 352 is divided by 138.
76
What is the remainder when 187 is divided by 107?
80
What is the remainder when 15193 is divided by 15?
13
What is the remainder when 17373 is divided by 181?
178
Calculate the remainder when 319 is divided by 80.
79
Calculate the remainder when 839 is divided by 169.
163
What is the remainder when 62 is divided by 24?
14
Calculate the remainder when 150 is divided by 47.
9
What is the remainder when 548 is divided by 24?
20
Calculate the remainder when 763 is divided by 96.
91
What is the remainder when 181 is divided by 6?
1
What is the remainder when 327 is divided by 101?
24
What is the remainder when 890 is divided by 295?
5
What is the remainder when 123 is divided by 36?
15
Calculate the remainder when 111 is divided by 29.
24
What is the remainder when 21179 is divided by 89?
86
Calculate the remainder when 6494 is divided by 11.
4
What is the remainder when 751 is divided by 83?
4
Calculate the remainder when 148 is divided by 4.
0
What is the remainder when 1427 is divided by 1427?
0
What is the remainder when 402 is divided by 101?
99
Calculate the remainder when 3092 is divided by 110.
12
Calculate the remainder when 1348 is divided by 18.
16
Calculate the remainder when 2728 is divided by 18.
10
Calculate the remainder when 11530 is divided by 124.
122
What is the remainder when 655 is divided by 66?
61
Calculate the remainder when 311 is divided by 45.
41
What is the remainder when 307 is divided by 157?
150
What is the remainder when 657 is divided by 62?
37
Calculate the remainder when 440 is divided by 17.
15
Calculate the remainder when 287 is divided by 42.
35
Calculate the remainder when 8885 is divided by 6.
5
What is the remainder when 148 is divided by 143?
5
Calculate the remainder when 458 is divided by 42.
38
What is the remainder when 3459 is divided by 689?
14
What is the remainder when 231 is divided by 72?
15
What is the remainder when 16399 is divided by 21?
19
What is the remainder when 755 is divided by 9?
8
What is the remainder when 26 is divided by 2?
0
Calculate the remainder when 230 is divided by 78.
74
What is the remainder when 131 is divided by 40?
11
What is the remainder when 430 is divided by 109?
103
What is the remainder when 121 is divided by 41?
39
Calculate the remainder when 441 is divided by 64.
57
Calculate the remainder when 270 is divided by 97.
76
What is the remainder when 805 is divided by 15?
10
What is the remainder when 239 is divided by 12?
11
Calculate the remainder when 1222 is divided by 41.
33
Calculate the remainder when 5711 is divided by 51.
50
What is the remainder when 474 is divided by 119?
117
Calculate the remainder when 151 is divided by 7.
4
Calculate the remainder when 8092 is divided by 19.
17
Calculate the remainder when 275 is divided by 40.
35
Calculate the remainder when 388 is divided by 219.
169
Calculate the remainder when 276 is divided by 93.
90
Calculate the remainder when 262 is divided by 53.
50
Calculate the remainder when 253 is divided by 56.
29
What is the remainder when 113 is divided by 35?
8
What is the remainder when 181 is divided by 15?
1
What is the remainder when 277 is divided by 80?
37
Calculate the remainder when 668 is divided by 25.
18
What is the remainder when 296 is divided by 279?
17
Calculate the remainder when 7188 is divided by 141.
138
What is the remainder when 128 is divided by 120?
8
What is the remainder when 117 is divided by 76?
41
What is the remainder when 190 is divided by 8?
6
What is the remainder when 110 is divided by 40?
30
Calculate the remainder when 791 is divided by 15.
11
Calculate the remainder when 365 is divided by 170.
25
Calculate the remainder when 4013 is divided by 55.
53
Calculate the remainder when 185 is divided by 45.
5
What is the remainder when 135 is divided by 19?
2
Calculate the remainder when 251 is divided by 11.
9
Calculate the remainder when 134 is divided by 58.
18
Calculate the remainder when 31 is divided by 13.
5
What is the remainder when 249 is divided by 36?
33
What is the remainder when 595 is divided by 212?
171
What is the remainder when 4886 is divided by 326?
322
What is the remainder when 847 is divided by 37?
33
What is the remainder when 2 is divided by 1?
0
Calculate the remainder when 258 is divided by 47.
23
What is the remainder when 312 is divided by 20?
12
Calculate the remainder when 147 is divided by 55.
37
Calculate the remainder when 3036 is divided by 95.
91
Calculate the remainder when 588 is divided by 288.
12
What is the remainder when 1518 is divided by 126?
6
What is the remainder when 174 is divided by 25?
24
Calculate the remainder when 295 is divided by 72.
7
Calculate the remainder when 14 is divided by 7.
0
What is the remainder when 1275 is divided by 4?
3
What is the remainder when 96 is divided by 14?
12
Calculate the remainder when 4360 is divided by 168.
160
Calculate the remainder when 476 is divided by 121.
113
What is the remainder when 452 is divided by 110?
12
What is the remainder when 503 is divided by 165?
8
What is the remainder when 4469 is divided by 194?
7
Calculate the remainder when 2038 is divided by 76.
62
Calculate the remainder when 284 is divided by 22.
20
What is the remainder when 296 is divided by 11?
10
What is the remainder when 354 is divided by 139?
76
Calculate the remainder when 285 is divided by 48.
45
What is the remainder when 532 is divided by 9?
1
What is the remainder when 235 is divided by 59?
58
What is the remainder when 132 is divided by 15?
12
Calculate the remainder when 271 is divided by 71.
58
Calculate the remainder when 1300 is divided by 62.
60
Calculate the remainder when 572 is divided by 36.
32
Calculate the remainder when 237 is divided by 49.
41
What is the remainder when 1523 is divided by 51?
44
Calculate the remainder when 151 is divided by 7.
4
What is the remainder when 2668 is divided by 167?
163
Calculate the remainder when 796 is divided by 40.
36
What is the remainder when 95 is divided by 35?
25
Calculate the remainder when 80 is divided by 25.
5
What is the remainder when 5473 is divided by 25?
23
Calculate the remainder when 43 is divided by 1.
0
Calculate the remainder when 6219 is divided by 249.
243
Calculate the remainder when 530 is divided by 59.
58
Calculate the remainder when 1138 is divided by 71.
2
What is the remainder when 3597 is divided by 24?
21
Calculate the remainder when 596 is divided by 593.
3
What is the remainder when 292 is divided by 21?
19
Calculate the remainder when 296 is divided by 23.
20
Calculate the remainder when 115 is divided by 67.
48
What is the remainder when 991 is divided by 16?
15
Calculate the remainder when 166 is divided by 44.
34
What is the remainder when 353 is divided by 51?
47
What is the remainder when 391 is divided by 80?
71
Calculate the remainder when 2262 is divided by 72.
30
What is the remainder when 1472 is divided by 41?
37
What is the remainder when 171 is divided by 80?
11
Calculate the remainder when 786 is divided by 288.
210
What is the remainder when 24650 is divided by 33?
32
Calculate the remainder when 118 is divided by 17.
16
What is the remainder when 4422 is divided by 295?
292
What is the remainder when 5950 is divided by 48?
46
Calculate the remainder when 681 is divided by 257.
167
What is the remainder when 942 is divided by 25?
17
Calculate the remainder when 1143 is divided by 377.
12
Calculate the remainder when 95 is divided by 9.
5
Calculate the remainder when 2157 is divided by 707.
36
Calculate the remainder when 12010 is divided by 156.
154
What is the remainder when 280 is divided by 47?
45
What is the remainder when 2652 is divided by 31?
17
Calculate the remainder when 134 is divided by 70.
64
What is the remainder when 17 is divided by 10?
7
Calculate the remainder when 238 is divided by 